, what is 1011 + -101101111?
-101100100
In base 2, what is -11 - 100011010111100?
-100011010111111
In base 3, what is 1110 + 11112?
12222
In base 15, what is 6d1 - 25a?
476
In base 12, what is 5 - -9b305?
9b30a
In base 12, what is -b8a - 692?
-1660
In base 5, what is 10303443 + -3?
10303440
In base 12, what is 2 - 134a4?
-134a2
In base 8, what is 0 + 27723?
27723
In base 2, what is -101110 - -101111110?
101010000
In base 11, what is 255807 + 1?
255808
In base 2, what is -1101111000 - 11011100?
-10001010100
In base 11, what is 9 - -1163?
1171
In base 2, what is 0 - 1011110010010011?
-1011110010010011
In base 2, what is -11 + 10011110001011010001?
10011110001011001110
In base 13, what is 14b56 - -5?
14b5b
In base 15, what is -785 - 70d?
-e93
In base 10, what is -641 - -145?
-496
In base 12, what is 3 + -1113?
-1110
In base 3, what is 2200 + -110021?
-100121
In base 7, what is -3 + 1660045?
1660042
In base 3, what is -11211210201 - 10?
-11211210211
In base 2, what is -100 + -11001001110110?
-11001001111010
In base 7, what is 6543 - 64?
6446
In base 14, what is 3c5c - 5?
3c57
In base 13, what is -3b6 - -426?
40
In base 13, what is -4 + 37619b?
376197
In base 8, what is 1 - 66066?
-66065
In base 4, what is -23201202120 + -1?
-23201202121
In base 15, what is -278d67 - 0?
-278d67
In base 15, what is -11 - -4c?
3b
In base 16, what is -839 + 10e?
-72b
In base 10, what is -327962 - 0?
-327962
In base 4, what is -120 + 2131211?
2131031
In base 4, what is -13110113 + -130?
-13110303
In base 7, what is 30 - -16112?
16142
In base 7, what is 4 - -10165?
10202
In base 6, what is -4 - 31044?
-31052
In base 7, what is -30 + -36100?
-36130
In base 5, what is -2 - -4132042?
4132040
In base 4, what is 220233202 + 11?
220233213
In base 12, what is -65 - 4908?
-4971
In base 6, what is 13105 + 5220?
22325
In base 3, what is 12102 - -110111?
122220
In base 2, what is 100000 - 1011110100?
-1011010100
In base 13, what is -4 + -1cb814?
-1cb818
In base 3, what is 1 + -102200212?
-102200211
In base 4, what is -1300 - 11131?
-13031
In base 10, what is 339861 - -3?
339864
In base 2, what is -101 + -10101100010101?
-10101100011010
In base 2, what is 1111100111001 + 11000?
1111101010001
In base 15, what is 179cb + -b?
179c0
In base 6, what is -3 + -15501?
-15504
In base 5, what is -32 - -34324?
34242
In base 14, what is 4 - 3daa3?
-3da9d
In base 6, what is -21 + 4544?
4523
In base 4, what is 111231001 - 2?
111230333
In base 11, what is -389137 + -3?
-38913a
In base 14, what is 1 - -d9b?
d9c
In base 16, what is 52 - -23f?
291
In base 9, what is 134 + -1641?
-1506
In base 16, what is -bccd - 5?
-bcd2
In base 7, what is 65 + 10461?
10556
In base 14, what is -a92a - 1b?
-a947
In base 8, what is -1522 + 1575?
53
In base 2, what is 1010101 + -10011100111?
-10010010010
In base 7, what is -1 + -651601?
-651602
In base 7, what is -26006113 + -4?
-26006120
In base 3, what is -20 - -2222111010?
2222110220
In base 3, what is -20121020220 - 10?
-20121021000
In base 14, what is -b - -147b0d?
147b02
In base 3, what is -10 - -101112220?
101112210
In base 10, what is -3 - -20567?
20564
In base 16, what is -3eb - -b?
-3e0
In base 12, what is -6107 - 32?
-6139
In base 15, what is -3deb + 90?
-3d5b
In base 15, what is -1d - add2?
-ae00
In base 13, what is -2 + 4bca8?
4bca6
In base 15, what is -212b6e - 5?
-212b74
In base 11, what is 7351 - -11?
7362
In base 5, what is 103 - 1011?
-403
In base 14, what is 23c + -100?
13c
In base 3, what is 100 + -110210000?
-110202200
In base 10, what is -163 + -109?
-272
In base 13, what is -451b + 30?
-44bb
In base 16, what is 1b862 + 0?
1b862
In base 12, what is -13 + 5ba0?
5b89
In base 12, what is -572a4 - -2?
-572a2
In base 16, what is e0 - 41?
9f
In base 14, what is -12638 + -7?
-12641
In base 7, what is 20610 + 10?
20620
In base 14, what is 1ac40 + 1d?
1ac5d
In base 9, what is 17 + 6707?
6725
In base 3, what is 22112010 - -21?
22112101
In base 8, what is -502 - -36?
-444
In base 7, what is 2 + 5151?
5153
In base 3, what is -12012 - 100212?
-120001
In base 2, what is 1111110011000111011 + 10?
1111110011000111101
In base 4, what is 3022110 + 0?
3022110
In base 11, what is 84 - 923?
-84a
In base 5, what is 433040230 - -2?
433040232
In base 3, what is 10 + -1001120022221?
-1001120022211
In base 12, what is aa0 - -35b?
123b
In base 2, what is 111011 + -1100111101?
-1100000010
In base 8, what is 0 + 1145?
1145
In base 5, what is 43324130 - -1?
43324131
In base 10, what is -5 + 18065?
18060
In base 6, what is 314145 + 4?
314153
In base 11, what is 5a3 + -58?
546
In base 10, what is 1724 - 5?
1719
In base 11, what is 5 - -111891?
111896
In base 8, what is -1 + -410123?
-410124
In base 16, what is 870 + -a5b?
-1eb
In base 11, what is -1 + 8535?
8534
In base 7, what is 41 + 1623443?
1623514
In base 8, what is -4 + -4354176?
-4354202
In base 11, what is 30314 + -4?
30310
In base 4, what is 2311301120 + 10?
2311301130
In base 14, what is -7 + -5ab7?
-5ac0
In base 16, what is -2bde8 + 0?
-2bde8
In base 2, what is 1000111011100 - 1?
1000111011011
In base 15, what is 5b7 + 3d?
605
In base 13, what is -7991 + 4?
-798a
In base 4, what is -3232 - -22?
-3210
In base 10, what is -4 - -145995?
145991
In base 7, what is 2 - 3536525?
-3536523
In base 2, what is 110100000 + 10110101000?
11101001000
In base 11, what is 20513 - 17?
204a7
In base 14, what is 343 - 23?
320
In base 4, what is -33220021 - -1021?
-33213000
In base 10, what is -8643 - 63?
-8706
In base 13, what is 4 - 9c46?
-9c42
In base 14, what is 178c86 - 3?
178c83
In base 2, what is -10 + -11000001011011000?
-11000001011011010
In base 10, what is -2390464 + -5?
-2390469
In base 6, what is -31134450 + 3?
-31134443
In base 13, what is 915 + 939?
1551
In base 12, what is -5 - -6764?
675b
In base 4, what is -1 - -3002211?
3002210
In base 12, what is 3 + 7a21?
7a24
In base 5, what is -210311244 + 2?
-210311242
In base 13, what is 3 - -4095?
4098
In base 15, what is 10559a - -2?
10559c
In base 5, what is -10 + -111111022?
-111111032
In base 2, what is -10 + -1010110110011100?
-1010110110011110
In base 3, what is -112122120 - 10?
-112122200
In base 6, what is -440320 + 1?
-440315
In base 16, what is -1f463 - -1?
-1f462
In base 4, what is -2112323 - 0?
-2112323
In base 7, what is 2 + 560225?
560230
In base 12, what is -1 + -370530?
-370531
In base 4, what is -1122322322 - 0?
-1122322322
In base 7, what is 461112 - 0?
461112
In base 11, what is -3 + -797453?
-797456
In base 3, what is -1110110 + -111?
-1110221
In base 2, what is -110101010100110 + -1001?
-110101010101111
In base 11, what is -5 - 3979?
-3983
In base 8, what is -10 + -634043?
-634053
In base 14, what is 3 - -555?
558
In base 13, what is -6bac0 - -1a?
-6baa3
In base 6, what is 3010252 - -2?
3010254
In base 4, what is 20001 - -20032?
100033
In base 9, what is -24616 - 3?
-24620
In base 10, what is -7353 - -16?
-7337
In base 2, what is -110011111101010111 - 1?
-110011111101011000
In base 10, what is 7361 - 43?
7318
In base 5, what is -10 + 1021332?
1021322
In base 9, what is -1 - 6210?
-6211
In base 8, what is 110211 + -1?
110210
In base 9, what is -16574 - 2?
-16576
In base 12, what is -185 - 3ab?
-574
In base 13, what is -2 + -5000?
-5002
In base 2, what is -10000001011 + 1010010?
-1110111001
In base 8, what is 531 + -3317?
-2566
In base 12, what is 0 + 31a1b?
31a1b
In base 15, what is 1d + 86bb?
86d9
In base 10, what is -9 + -3169?
-3178
In base 4, what is 20333320 - 3?
20333311
In base 15, what is -766 + -21?
-787
In base 9, what is 0 + 81373?
81373
In base 2, what is -1000110000 + 110010110?
-10011010
In base 2, what is 111110 - 110110110100110?
-110110101101000
In base 9, what is 388 + 88?
487
In base 13, what is -2 + 3c511?
3c50c
In base 12, what is -1379 + -120?
-1499
In base 14, what is 0 - 13da?
-13da
In base 2, what is 1100 - 11110?
-10010
In base 5, what is 1131 + 21331?
23012
In base 5, what is -201134 + -2031?
-203220
In base 4, what is -10022231 + 1222?
-10021003
In base 13, what is 1b26 + -c?
1b17
In base 3, what is 10 + -2111002110?
-2111002100
In base 11, what is -67 + a9?
42
In base 6, what is 2 + 15430342?
15430344
In base 8, what is 1 + 44544?
44545
In base 10, what is -266546 + -2?
-266548
In base 13, what is -12054 - -1?
-12053
In base 5